{"id":3330,"date":"2015-08-21T07:02:49","date_gmt":"2015-08-21T07:02:49","guid":{"rendered":"http:\/\/www.pouleto.ch\/tdm\/?page_id=3330"},"modified":"2022-04-26T12:55:52","modified_gmt":"2022-04-26T10:55:52","slug":"3330-2","status":"publish","type":"page","link":"https:\/\/www.untourdumonde.ch\/index.php\/le-projet\/3330-2\/","title":{"rendered":"Itin\u00e9raire"},"content":{"rendered":"<p><img decoding=\"async\" class=\"alignnone size-full wp-image-3547\" src=\"https:\/\/www.untourdumonde.ch\/wp-content\/uploads\/2015\/09\/MAPEMONDE-ITIN\u00e9RAIRE-e1441291379275.jpg\" alt=\"\" width=\"3214\" height=\"1625\" srcset=\"https:\/\/www.untourdumonde.ch\/wp-content\/uploads\/2015\/09\/MAPEMONDE-ITIN\u00e9RAIRE-e1441291379275.jpg 3214w, https:\/\/www.untourdumonde.ch\/wp-content\/uploads\/2015\/09\/MAPEMONDE-ITIN\u00e9RAIRE-e1441291379275-300x152.jpg 300w, https:\/\/www.untourdumonde.ch\/wp-content\/uploads\/2015\/09\/MAPEMONDE-ITIN\u00e9RAIRE-e1441291379275-1024x518.jpg 1024w\" sizes=\"(max-width: 3214px) 100vw, 3214px\" \/><\/p>\n<blockquote>\n<p style=\"text-align: center;\">PAYS : 17 \/ CONTINENTS : 5 \/ KILOMETRES : 58767 \/ NB DE JOURS : 358<\/p>\n<\/blockquote>\n<p style=\"text-align: left;\">Quelqu&rsquo;un nous a dit un jour que quand on a pris la d\u00e9cision de partir faire le tour du monde, c&rsquo;est comme si on se retrouvait devant une \u00e9noooorme bo\u00eete de chocolats&#8230;<\/p>\n<p style=\"text-align: left;\">On a le droit de choisir parmi tous les pralin\u00e9s, mais il va bien falloir \u00eatre raisonnable et n&rsquo;en choisir que quelques uns. Et qui sait si, au final, ils auront le go\u00fbt qu&rsquo;on esp\u00e9rait ? Il y en aura qui nous d\u00e9cevrons, et d&rsquo;autres qui seront de bonnes surprises&#8230;<\/p>\n<p style=\"text-align: left;\">Et c&rsquo;est vrai que quand on s&rsquo;est retrouv\u00e9 devant une carte du monde, pour la premi\u00e8re fois, on s&rsquo;est demand\u00e9 par quel bout commencer !<\/p>\n<p style=\"text-align: left;\">Partant du principe qu&rsquo;on ne voulait ni se mettre en danger, ni passer une ann\u00e9e sous la mousson ou sous les tornades, on s&rsquo;est bas\u00e9 sur la carte du \u00ab\u00a0<a href=\"https:\/\/fr.wikipedia.org\/wiki\/Global_Peace_Index\" target=\"_blank\" rel=\"noopener\">Global Peace Index<\/a>\u00a0\u00bb et sur les infos climatiques des diff\u00e9rentes zones autour du globe.<\/p>\n<p style=\"text-align: left;\">On a d\u00e9fini une s\u00e9rie d&rsquo;endroits qu&rsquo;on aimerait bien visiter, bien souvent simplement en se basant sur des id\u00e9es tr\u00e8s subjectives, on a mis tout \u00e7a dans un sac, on a secou\u00e9 et au final, apr\u00e8s beaucoup de modifications, changements, interversions, suppressions, on est arriv\u00e9s \u00e0 un mod\u00e8le assez simple : 12 mois de voyage, divis\u00e9 en 4 p\u00e9riodes de 3 mois sur chaque continent autre que l&rsquo;Europe.<\/p>\n<p style=\"text-align: left;\">Voici donc ce que cela donne, pour l&rsquo;instant (\u00e7a va certainement changer&#8230;)<\/p>\n<p><a href=\"https:\/\/www.untourdumonde.ch\/wp-content\/uploads\/2016\/06\/itin\u00e9raire.png\"><img decoding=\"async\" class=\"aligncenter size-large wp-image-4418\" src=\"https:\/\/www.untourdumonde.ch\/wp-content\/uploads\/2016\/06\/itin\u00e9raire-1024x420.png\" alt=\"itin\u00e9raire\" width=\"1024\" height=\"420\" srcset=\"https:\/\/www.untourdumonde.ch\/wp-content\/uploads\/2016\/06\/itin\u00e9raire-1024x420.png 1024w, https:\/\/www.untourdumonde.ch\/wp-content\/uploads\/2016\/06\/itin\u00e9raire-300x123.png 300w, https:\/\/www.untourdumonde.ch\/wp-content\/uploads\/2016\/06\/itin\u00e9raire-768x315.png 768w, https:\/\/www.untourdumonde.ch\/wp-content\/uploads\/2016\/06\/itin\u00e9raire.png 1897w\" sizes=\"(max-width: 1024px) 100vw, 1024px\" \/><\/a><\/p>\n<p>Voici en d\u00e9tail les diff\u00e9rentes grandes \u00e9tapes du voyage (cliquez sur le petit (+) pour voir les d\u00e9tails&#8230;)<\/p>\n<h3>Etape 1 : L&rsquo;Afrique Australe (11.08.2016 &#8211; 07.11.2016)<\/h3>\n<h4><strong>11 ao\u00fbt 2016 : D\u00e9part pour Johannessburg<\/strong><\/h4>\n<ul>\n<li>15:50 : Vol Gen\u00e8ve &#8211; Londres<\/li>\n<li>21:10 : Vol Londres &#8211; Johannesburg<\/li>\n<\/ul>\n<p>Durant notre trimestre en Afrique Australe, le programme suivant est pr\u00e9vu :<\/p>\n<ul>\n<li>4 semaines d&rsquo;Afrique du Sud, De Johannesbourg au Cap, puis on remonte au Nord&#8230;<\/li>\n<li>3 semaines de Namibie, que l&rsquo;on traversera de bas en haut, en entrant par le Kgalagadi Transfrontier Park (KTP)<\/li>\n<li>4 semaines de Botswana, de Kasane \u00e0 Maun, puis de l\u00e0 on papillonera dans les divers parcs (Moremi, Chobe, Makgadikgadi, Central Kalahari Game Reserve, &#8230;)<\/li>\n<li>1 semaine d&rsquo;Afrique du Sud pour revenir \u00e0 Johannesburg en passant par le Pilanesberg<\/li>\n<\/ul>\n<p>On verra encore comment on distribue les jours d&rsquo;Afrique du Sud, peut-\u00eatre que nous partirons rapidement sur la Namibie pour profiter du climat moins hivernal \u00e0 cette p\u00e9riode de l&rsquo;ann\u00e9e, pour passer 3 semaines au Park Kruger en fin de s\u00e9jour Africain ? Tout est encore ouvert, on ne r\u00e9servera pour l&rsquo;instant pas grand chose, voire le strict minimum pour ne pas avoir de programme trop restrictif \u00e0 suivre&#8230;<\/p>\n<h3>Etape 2 : L&rsquo;Asie du Sud-Est (07.11.2016 &#8211; 06.02.2017)<\/h3>\n<h4><strong>7 novembre 2016 : D\u00e9part pour l&rsquo;Asie du Sud-Est :<\/strong><\/h4>\n<ul>\n<li>21:00 : Vol Johannesburg &#8211; Singapour<\/li>\n<\/ul>\n<p>Trois mois de visite, sans programme fixe pour l&rsquo;instant, dans l&rsquo;Asie du Sud-Est. Posant \u00e0 Singapour, on ira en direction du nord vers la Tha\u00eflande, le Cambodge, le Laos, Le Vietnam, \u00e9ventuellement la Birmanie. En fonction des diff\u00e9rents climats, des visites \u00e9ventuelles, on dessinera notre itin\u00e9raire final durant la partie africaine de notre voyage.<\/p>\n<p>A ce jour, on n&rsquo;en sait pas plus, si ce n&rsquo;est qu&rsquo;on ne va certainement pas louer de v\u00e9hicule mais bouger en transports publics.<\/p>\n<h3>Etape 3 : L&rsquo;Oc\u00e9anie (06.02.2017 &#8211; 08.05.2017)<\/h3>\n<h4><strong>6 f\u00e9vrier 2017 : D\u00e9part pour l&rsquo;Australie<\/strong><\/h4>\n<ul>\n<li>02:35 : Vol Singapour &#8211; Sydney<\/li>\n<\/ul>\n<p>22 jours pour visiter l&rsquo;Australie ! Certainement que \u00e7a sera la c\u00f4te Est, peut-\u00eatre le Sud&#8230; On est bien tent\u00e9s de faire ce bout de voyage en camping car. A voir donc encore, tant au niveau de l&rsquo;itin\u00e9raire que du mode de d\u00e9placement.<\/p>\n<p>On profitera de l&rsquo;endroit pour s&rsquo;initier au surf, et tout le monde se r\u00e9jouit de voir des kangourous, des koalas, de manger du Vegimite \ud83d\ude42<\/p>\n<h4><strong>1er mars 2017\u00a0: D\u00e9part pour\u00a0Auckland<\/strong><\/h4>\n<ul>\n<li>23:45 : Vol Sydney &#8211; Auckland<\/li>\n<\/ul>\n<p>La Nouvelle-Z\u00e9lande, c&rsquo;est la destination surprise de ce tour du monde. Escale obligatoire sur notre itin\u00e9raire, on pouvait s&rsquo;y arr\u00eater sans faire gonfler le prix des billets ! Alors l&rsquo;arr\u00eat sera de courte dur\u00e9e, 10 jours seulement, mais on compte bien en faire bon usage pour visiter le pays du long nuage blanc. Certainement l&rsquo;\u00eele du nord, \u00e0 voir encore&#8230;<\/p>\n<p>Pas d&rsquo;itin\u00e9raire pr\u00e9vu \u00e0 ce jour, pas de d\u00e9cision concernant les moyens de transports&#8230;<\/p>\n<h4><strong>20 mars 2017\u00a0: D\u00e9part pour la Polyn\u00e9sie Fran\u00e7aise<\/strong><\/h4>\n<ul>\n<li>09:45\u00a0: Vol Auckland\u00a0&#8211; Papeete<\/li>\n<\/ul>\n<p>Une des destination qui nous a toujours fait r\u00eaver ! La Polyn\u00e9sie, ses \u00eeles, ses couleurs, ses lagons&#8230; Bien que la vie y soit r\u00e9put\u00e9e ch\u00e8re (heu&#8230; je confirme apr\u00e8s avoir regard\u00e9 pour les premi\u00e8res r\u00e9servations !!!! Ouch !), on a d\u00e9cid\u00e9 d&rsquo;y passer pr\u00e8s de deux mois. On esp\u00e8re trouver de quoi loger \u00e0 prix raisonnables, \u00e7a ne sera peut-\u00eatre\u00a0pas \u00e0 la hauteur des h\u00f4tels avec bungalows sur pilotis des cartes postales, mais on est s\u00fbr qu&rsquo;on va se trouver un super plan pour appr\u00e9cier ces deux mois.<\/p>\n<h3>Etape 4 : L&rsquo;Am\u00e9rique Centrale (11.05.2017 &#8211; 05.08.2015)<\/h3>\n<h4><strong>11 mai\u00a02017\u00a0: D\u00e9part pour les Am\u00e9riques <\/strong><\/h4>\n<ul>\n<li>23:59 : Vol Papeete\u00a0&#8211; Los Angeles<\/li>\n<li>12 mai 2017 \u00e0 14:40 : Vol Los Angeles &#8211; Liberia (Costa Rica)<\/li>\n<li>06 juillet 2017 \u00e0 13:35 Vol Cancun &#8211; Havana<\/li>\n<li>Jeudi 20 juillet 2017 : Vol Havana &#8211; Los Angeles<\/li>\n<\/ul>\n<p>L&rsquo;Am\u00e9rique est le dernier continent que nous visiterons, et on se donne trois mois pleins pour le faire. Une petite escale d&rsquo;une journ\u00e9e \u00e0 Los Angeles (puis on fonce vers l&rsquo;Am\u00e9rique centrale. On atterrira \u00e0 Liberia, au nord ouest du pays, et ensuite.. pas de programme bien d\u00e9fini. On sait juste qu&rsquo;on doit \u00eatre \u00e0 Cancun le 06 juillet 2017 pour voler vers Cuba, mais \u00e0 part cela&#8230; On va arriver au Costa Rica, puis certainement une remont\u00e9e par le Nicaragua, le \u00a0Honduras, le Guatemala&#8230; Il para\u00eet que le syst\u00e8me de bus permet de voyager facilement, c&rsquo;est certainement ce moyen de transport qu&rsquo;on privil\u00e9giera durant cette partie du voyage.<\/p>\n<p>De Cancun, on volera sur La Havane. On passera 2 semaines sur Cuba, histoire de voir cette \u00eele si intriguante&#8230;<\/p>\n<p>Puis on passera nos deux derni\u00e8res semaines aux USA, certainement la Californie, mais on \u00e9largira peut-\u00eatre un peu. On n&rsquo;a pas non plus d\u00e9fini ce qu&rsquo;on voulait faire, mais \u00e7a sera un bon moyen pour se remettre un peu dans une ambiance \u00ab\u00a0pays industrialis\u00e9s\u00a0\u00bb pour adoucir un peu le choc du retour.<\/p>\n<p>Apr\u00e8s \u00e7a ? Ben&#8230; on rentre \ud83d\ude42 !!! (via Los-Angeles &#8211; Londres &#8211; Gen\u00e8ve)&#8230; Retour en Suisse pr\u00e9vu pour le 05 ao\u00fbt 2017, \u00e0 l&rsquo;a\u00e9roport de Gen\u00e8ve&#8230; On vous laisse prendre note \ud83d\ude42<\/p>\n<p><a href=\"http:\/\/www.untourdumonde.ch\/wp-content\/uploads\/2015\/11\/Itineraire_TDM.pdf\" target=\"_blank\" rel=\"noopener\">T\u00e9l\u00e9charger l&rsquo;itin\u00e9raire en format PDF<\/a><\/p>\n","protected":false},"excerpt":{"rendered":"<p>PAYS : 17 \/ CONTINENTS : 5 \/ KILOMETRES : 58767 \/ NB DE JOURS : 358 Quelqu&rsquo;un nous a dit un jour que quand [&#8230;]<\/p>\n","protected":false},"author":1,"featured_media":0,"parent":3803,"menu_order":0,"comment_status":"open","ping_status":"closed","template":"","meta":{"jetpack_post_was_ever_published":false},"_links":{"self":[{"href":"https:\/\/www.untourdumonde.ch\/index.php\/wp-json\/wp\/v2\/pages\/3330"}],"collection":[{"href":"https:\/\/www.untourdumonde.ch\/index.php\/wp-json\/wp\/v2\/pages"}],"about":[{"href":"https:\/\/www.untourdumonde.ch\/index.php\/wp-json\/wp\/v2\/types\/page"}],"author":[{"embeddable":true,"href":"https:\/\/www.untourdumonde.ch\/index.php\/wp-json\/wp\/v2\/users\/1"}],"replies":[{"embeddable":true,"href":"https:\/\/www.untourdumonde.ch\/index.php\/wp-json\/wp\/v2\/comments?post=3330"}],"version-history":[{"count":74,"href":"https:\/\/www.untourdumonde.ch\/index.php\/wp-json\/wp\/v2\/pages\/3330\/revisions"}],"predecessor-version":[{"id":14029,"href":"https:\/\/www.untourdumonde.ch\/index.php\/wp-json\/wp\/v2\/pages\/3330\/revisions\/14029"}],"up":[{"embeddable":true,"href":"https:\/\/www.untourdumonde.ch\/index.php\/wp-json\/wp\/v2\/pages\/3803"}],"wp:attachment":[{"href":"https:\/\/www.untourdumonde.ch\/index.php\/wp-json\/wp\/v2\/media?parent=3330"}],"curies":[{"name":"wp","href":"https:\/\/api.w.org\/{rel}","templated":true}]}}

Itinéraire

<p><img decoding="async" class="alignnone size-full wp-image-3547" src="https://www.untourdumonde.ch/wp-content/uploads/2015/09/MAPEMONDE-ITINéRAIRE-e1441291379275.jpg" alt="" width="3214" height="1625" srcset="https://www.untourdumonde.ch/wp-content/uploads/2015/09/MAPEMONDE-ITINéRAIRE-e1441291379275.jpg 3214w, https://www.untourdumonde.ch/wp-content/uploads/2015/09/MAPEMONDE-ITINéRAIRE-e1441291379275-300x152.jpg 300w, https://www.untourdumonde.ch/wp-content/uploads/2015/09/MAPEMONDE-ITINéRAIRE-e1441291379275-1024x518.jpg 1024w" sizes="(max-width: 3214px) 100vw, 3214px" /></p>
<blockquote>
<p style="text-align: center;">PAYS : 17 / CONTINENTS : 5 / KILOMETRES : 58767 / NB DE JOURS : 358</p>
</blockquote>
<p style="text-align: left;">Quelqu&rsquo;un nous a dit un jour que quand on a pris la décision de partir faire le tour du monde, c&rsquo;est comme si on se retrouvait devant une énoooorme boîte de chocolats&#8230;</p>
<p style="text-align: left;">On a le droit de choisir parmi tous les pralinés, mais il va bien falloir être raisonnable et n&rsquo;en choisir que quelques uns. Et qui sait si, au final, ils auront le goût qu&rsquo;on espérait ? Il y en aura qui nous décevrons, et d&rsquo;autres qui seront de bonnes surprises&#8230;</p>
<p style="text-align: left;">Et c&rsquo;est vrai que quand on s&rsquo;est retrouvé devant une carte du monde, pour la première fois, on s&rsquo;est demandé par quel bout commencer !</p>
<p style="text-align: left;">Partant du principe qu&rsquo;on ne voulait ni se mettre en danger, ni passer une année sous la mousson ou sous les tornades, on s&rsquo;est basé sur la carte du « <a href="https://fr.wikipedia.org/wiki/Global_Peace_Index" target="_blank" rel="noopener">Global Peace Index</a> » et sur les infos climatiques des différentes zones autour du globe.</p>
<p style="text-align: left;">On a défini une série d&rsquo;endroits qu&rsquo;on aimerait bien visiter, bien souvent simplement en se basant sur des idées très subjectives, on a mis tout ça dans un sac, on a secoué et au final, après beaucoup de modifications, changements, interversions, suppressions, on est arrivés à un modèle assez simple : 12 mois de voyage, divisé en 4 périodes de 3 mois sur chaque continent autre que l&rsquo;Europe.</p>
<p style="text-align: left;">Voici donc ce que cela donne, pour l&rsquo;instant (ça va certainement changer&#8230;)</p>
<p><a href="https://www.untourdumonde.ch/wp-content/uploads/2016/06/itinéraire.png"><img decoding="async" class="aligncenter size-large wp-image-4418" src="https://www.untourdumonde.ch/wp-content/uploads/2016/06/itinéraire-1024x420.png" alt="itinéraire" width="1024" height="420" srcset="https://www.untourdumonde.ch/wp-content/uploads/2016/06/itinéraire-1024x420.png 1024w, https://www.untourdumonde.ch/wp-content/uploads/2016/06/itinéraire-300x123.png 300w, https://www.untourdumonde.ch/wp-content/uploads/2016/06/itinéraire-768x315.png 768w, https://www.untourdumonde.ch/wp-content/uploads/2016/06/itinéraire.png 1897w" sizes="(max-width: 1024px) 100vw, 1024px" /></a></p>
<p>Voici en détail les différentes grandes étapes du voyage (cliquez sur le petit (+) pour voir les détails&#8230;)</p>
<h3>Etape 1 : L&rsquo;Afrique Australe (11.08.2016 &#8211; 07.11.2016)</h3>
<h4><strong>11 août 2016 : Départ pour Johannessburg</strong></h4>
<ul>
<li>15:50 : Vol Genève &#8211; Londres</li>
<li>21:10 : Vol Londres &#8211; Johannesburg</li>
</ul>
<p>Durant notre trimestre en Afrique Australe, le programme suivant est prévu :</p>
<ul>
<li>4 semaines d&rsquo;Afrique du Sud, De Johannesbourg au Cap, puis on remonte au Nord&#8230;</li>
<li>3 semaines de Namibie, que l&rsquo;on traversera de bas en haut, en entrant par le Kgalagadi Transfrontier Park (KTP)</li>
<li>4 semaines de Botswana, de Kasane à Maun, puis de là on papillonera dans les divers parcs (Moremi, Chobe, Makgadikgadi, Central Kalahari Game Reserve, &#8230;)</li>
<li>1 semaine d&rsquo;Afrique du Sud pour revenir à Johannesburg en passant par le Pilanesberg</li>
</ul>
<p>On verra encore comment on distribue les jours d&rsquo;Afrique du Sud, peut-être que nous partirons rapidement sur la Namibie pour profiter du climat moins hivernal à cette période de l&rsquo;année, pour passer 3 semaines au Park Kruger en fin de séjour Africain ? Tout est encore ouvert, on ne réservera pour l&rsquo;instant pas grand chose, voire le strict minimum pour ne pas avoir de programme trop restrictif à suivre&#8230;</p>
<h3>Etape 2 : L&rsquo;Asie du Sud-Est (07.11.2016 &#8211; 06.02.2017)</h3>
<h4><strong>7 novembre 2016 : Départ pour l&rsquo;Asie du Sud-Est :</strong></h4>
<ul>
<li>21:00 : Vol Johannesburg &#8211; Singapour</li>
</ul>
<p>Trois mois de visite, sans programme fixe pour l&rsquo;instant, dans l&rsquo;Asie du Sud-Est. Posant à Singapour, on ira en direction du nord vers la Thaïlande, le Cambodge, le Laos, Le Vietnam, éventuellement la Birmanie. En fonction des différents climats, des visites éventuelles, on dessinera notre itinéraire final durant la partie africaine de notre voyage.</p>
<p>A ce jour, on n&rsquo;en sait pas plus, si ce n&rsquo;est qu&rsquo;on ne va certainement pas louer de véhicule mais bouger en transports publics.</p>
<h3>Etape 3 : L&rsquo;Océanie (06.02.2017 &#8211; 08.05.2017)</h3>
<h4><strong>6 février 2017 : Départ pour l&rsquo;Australie</strong></h4>
<ul>
<li>02:35 : Vol Singapour &#8211; Sydney</li>
</ul>
<p>22 jours pour visiter l&rsquo;Australie ! Certainement que ça sera la côte Est, peut-être le Sud&#8230; On est bien tentés de faire ce bout de voyage en camping car. A voir donc encore, tant au niveau de l&rsquo;itinéraire que du mode de déplacement.</p>
<p>On profitera de l&rsquo;endroit pour s&rsquo;initier au surf, et tout le monde se réjouit de voir des kangourous, des koalas, de manger du Vegimite 🙂</p>
<h4><strong>1er mars 2017 : Départ pour Auckland</strong></h4>
<ul>
<li>23:45 : Vol Sydney &#8211; Auckland</li>
</ul>
<p>La Nouvelle-Zélande, c&rsquo;est la destination surprise de ce tour du monde. Escale obligatoire sur notre itinéraire, on pouvait s&rsquo;y arrêter sans faire gonfler le prix des billets ! Alors l&rsquo;arrêt sera de courte durée, 10 jours seulement, mais on compte bien en faire bon usage pour visiter le pays du long nuage blanc. Certainement l&rsquo;île du nord, à voir encore&#8230;</p>
<p>Pas d&rsquo;itinéraire prévu à ce jour, pas de décision concernant les moyens de transports&#8230;</p>
<h4><strong>20 mars 2017 : Départ pour la Polynésie Française</strong></h4>
<ul>
<li>09:45 : Vol Auckland &#8211; Papeete</li>
</ul>
<p>Une des destination qui nous a toujours fait rêver ! La Polynésie, ses îles, ses couleurs, ses lagons&#8230; Bien que la vie y soit réputée chère (heu&#8230; je confirme après avoir regardé pour les premières réservations !!!! Ouch !), on a décidé d&rsquo;y passer près de deux mois. On espère trouver de quoi loger à prix raisonnables, ça ne sera peut-être pas à la hauteur des hôtels avec bungalows sur pilotis des cartes postales, mais on est sûr qu&rsquo;on va se trouver un super plan pour apprécier ces deux mois.</p>
<h3>Etape 4 : L&rsquo;Amérique Centrale (11.05.2017 &#8211; 05.08.2015)</h3>
<h4><strong>11 mai 2017 : Départ pour les Amériques </strong></h4>
<ul>
<li>23:59 : Vol Papeete &#8211; Los Angeles</li>
<li>12 mai 2017 à 14:40 : Vol Los Angeles &#8211; Liberia (Costa Rica)</li>
<li>06 juillet 2017 à 13:35 Vol Cancun &#8211; Havana</li>
<li>Jeudi 20 juillet 2017 : Vol Havana &#8211; Los Angeles</li>
</ul>
<p>L&rsquo;Amérique est le dernier continent que nous visiterons, et on se donne trois mois pleins pour le faire. Une petite escale d&rsquo;une journée à Los Angeles (puis on fonce vers l&rsquo;Amérique centrale. On atterrira à Liberia, au nord ouest du pays, et ensuite.. pas de programme bien défini. On sait juste qu&rsquo;on doit être à Cancun le 06 juillet 2017 pour voler vers Cuba, mais à part cela&#8230; On va arriver au Costa Rica, puis certainement une remontée par le Nicaragua, le  Honduras, le Guatemala&#8230; Il paraît que le système de bus permet de voyager facilement, c&rsquo;est certainement ce moyen de transport qu&rsquo;on privilégiera durant cette partie du voyage.</p>
<p>De Cancun, on volera sur La Havane. On passera 2 semaines sur Cuba, histoire de voir cette île si intriguante&#8230;</p>
<p>Puis on passera nos deux dernières semaines aux USA, certainement la Californie, mais on élargira peut-être un peu. On n&rsquo;a pas non plus défini ce qu&rsquo;on voulait faire, mais ça sera un bon moyen pour se remettre un peu dans une ambiance « pays industrialisés » pour adoucir un peu le choc du retour.</p>
<p>Après ça ? Ben&#8230; on rentre 🙂 !!! (via Los-Angeles &#8211; Londres &#8211; Genève)&#8230; Retour en Suisse prévu pour le 05 août 2017, à l&rsquo;aéroport de Genève&#8230; On vous laisse prendre note 🙂</p>
<p><a href="http://www.untourdumonde.ch/wp-content/uploads/2015/11/Itineraire_TDM.pdf" target="_blank" rel="noopener">Télécharger l&rsquo;itinéraire en format PDF</a></p>
