{"id":3807,"date":"2015-10-08T18:37:41","date_gmt":"2015-10-08T18:37:41","guid":{"rendered":"http:\/\/www.untourdumonde.ch\/?page_id=3807"},"modified":"2022-04-26T13:49:42","modified_gmt":"2022-04-26T11:49:42","slug":"paperasse","status":"publish","type":"page","link":"https:\/\/www.untourdumonde.ch\/index.php\/preparatifs\/paperasse\/","title":{"rendered":"Paperasse"},"content":{"rendered":"<p><img decoding=\"async\" class=\"alignnone wp-image-3854 size-full\" src=\"https:\/\/www.untourdumonde.ch\/wp-content\/uploads\/2015\/10\/Fotolia_21691208_Subscription_L-e1650970787470.jpg\" alt=\"\" width=\"2356\" height=\"1571\" srcset=\"https:\/\/www.untourdumonde.ch\/wp-content\/uploads\/2015\/10\/Fotolia_21691208_Subscription_L-e1650970787470.jpg 2356w, https:\/\/www.untourdumonde.ch\/wp-content\/uploads\/2015\/10\/Fotolia_21691208_Subscription_L-e1650970787470-500x333.jpg 500w, https:\/\/www.untourdumonde.ch\/wp-content\/uploads\/2015\/10\/Fotolia_21691208_Subscription_L-e1650970787470-1800x1200.jpg 1800w, https:\/\/www.untourdumonde.ch\/wp-content\/uploads\/2015\/10\/Fotolia_21691208_Subscription_L-e1650970787470-768x512.jpg 768w, https:\/\/www.untourdumonde.ch\/wp-content\/uploads\/2015\/10\/Fotolia_21691208_Subscription_L-e1650970787470-1536x1024.jpg 1536w, https:\/\/www.untourdumonde.ch\/wp-content\/uploads\/2015\/10\/Fotolia_21691208_Subscription_L-e1650970787470-2048x1366.jpg 2048w, https:\/\/www.untourdumonde.ch\/wp-content\/uploads\/2015\/10\/Fotolia_21691208_Subscription_L-e1650970787470-900x600.jpg 900w\" sizes=\"(max-width: 2356px) 100vw, 2356px\" \/>De la paperasse, il y en a eu (un peu) mais le gros nous attend !<\/p>\n<p>Voici en les diverses formalit\u00e9s que l&rsquo;on devra ou que l&rsquo;on a du faire :<\/p>\n<ul>\n<li><span style=\"text-decoration: underline;\">visas<\/span> \u00e0 pr\u00e9voir pour chaque pays visit\u00e9 ou travers\u00e9. D&rsquo;apr\u00e8s les informations que l&rsquo;on a pu trouver, on a besoin d&rsquo;un visa pour l&rsquo;Australie et d&rsquo;un visa pour les Etats-Unis. Pour les autres pays, soit il n&rsquo;y a pas besoin de visa, soit ce sont des visas qui s&rsquo;ach\u00e8tent en entrant dans le pays (en particulier les pays de l&rsquo;Asie du Sud-Est).<br \/>\n<span style=\"color: #ff0000;\">Alors concernant les Visas, si vous voulez garder un peu de libert\u00e9 dans le choix de l&rsquo;itin\u00e9raire au cours du voyage, vous devrez \u00e0 chaque fois trouver les informations des pays \u00e0 visiter. On a parfois remarqu\u00e9 que le \u00ab\u00a0visa on arrival\u00a0\u00bb est disponible si on entre dans le pays par un a\u00e9roport, alors que par voie terrestre il faut avoir un visa d\u00e9j\u00e0 achet\u00e9 et pr\u00eat dans son passeport. Pour avoir un visa, pas de secrets, vous devrez soit passer par une agence qui offre (contre r\u00e9mun\u00e9ration) ce service, soit aller \u00e0 l&rsquo;ambassade du pays en question et aller acheter votre visa. Il y a aussi des destinations o\u00f9 on paie simplement une taxe en arrivant \u00e0 la douane. Dans ce cas-l\u00e0, essayez de bien conna\u00eetre le montant du visa car il est courant que l&#8217;employ\u00e9 essaie de vous faire payer plus&#8230; Essayez aussi d&rsquo;avoir le montant en monnaie locale (pas toujours possible) ou en USD, car sinon ils n&rsquo;auront pas le change&#8230; !<br \/>\nSi vraiment vous voulez visiter un pays qui n\u00e9cessite un visa prenez le max de renseignements avant votre d\u00e9part, c&rsquo;est plus facile \u00e0 faire via l&rsquo;ambassade du pays en CH qu&rsquo;en route. Et voyez si vous pouvez d\u00e9j\u00e0 acheter le visa en avance (ce n&rsquo;est pas toujours possible). <\/span><\/li>\n<li><span style=\"text-decoration: underline;\">assurance annulation<\/span> : comme les billets d&rsquo;avion ont \u00e9t\u00e9 achet\u00e9s et que cela a repr\u00e9sent\u00e9 une certaine somme, on a veill\u00e9 \u00e0 avoir une assurance annulation en ordre. On \u00e9tait au TCS et on a mis \u00e0 jour notre couverture (on a pris le livret ETI Monde), ainsi pas de mauvaise surprise en cas d&rsquo;annulation de derni\u00e8re minute pour justes motifs.<br \/>\n<span style=\"color: #ff0000;\">On n&rsquo;a pas eu \u00e0 l&rsquo;utiliser, tant mieux&#8230; <\/span><\/li>\n<li>aux <span style=\"text-decoration: underline;\">formalit\u00e9s diverses<\/span> (passeports, actes de naissance en anglais certifi\u00e9s pour l&rsquo;Afrique du Sud, etc&#8230;) : OK pour l&rsquo;Afrique du Sud (certificat de naissance officiel en anglais), pour le reste on n&rsquo;a pas trouv\u00e9 d&rsquo;informations qui fait r\u00e9f\u00e9rence \u00e0 des documents autres que les visas ou les passeports.<br \/>\n<span style=\"color: #ff0000;\">Il est recommand\u00e9 avec les enfants de prendre des actes de naissances originaux. On en a eu besoin en AFS, mais aussi en Polyn\u00e9sie pour certaines cartes de r\u00e9duction (AirTahiti) qui n&rsquo;acceptaient pas les copies ou les scans de ce document. Pr\u00e9voyez aussi quelques photos passeport de toute la famille, en divers formats (les photo passeport standard, mais aussi les plus grandes utilis\u00e9es en Asie) et avec le fond arri\u00e8re blanc.\u00a0<\/span><\/li>\n<li><span style=\"text-decoration: underline;\">permis internationaux<\/span> : d\u00e9livr\u00e9 chez nous par le TCS sur simple pr\u00e9sentation du permis et d&rsquo;une photo. Il doit s&rsquo;accompagner du permis de conduire suisse.<br \/>\n<span style=\"color: #ff0000;\">On nous l&rsquo;a demand\u00e9 \u00e0 chaque agence de location de voiture. Aucun probl\u00e8me avec le doc d\u00e9livr\u00e9 par le TCS<\/span><\/li>\n<li><span style=\"text-decoration: underline;\">carnets de vaccination<\/span> : seulement n\u00e9cessaire si on traverse des pays dans lesquels des vaccins obligatoires sont demand\u00e9s. En particulier, si le vaccin de la fi\u00e8vre jaune est n\u00e9cessaire pour un pays travers\u00e9, vous devrez obligatoirement avoir un carnet de vaccination qui atteste que vous avez \u00e9t\u00e9 vaccin\u00e9 contre la fi\u00e8vre jaune dans un centre agr\u00e9\u00e9.<br \/>\n<span style=\"color: #ff0000;\">On ne nous l&rsquo;a jamais demand\u00e9 mais on n&rsquo;est pas all\u00e9s dans des pays o\u00f9 la fi\u00e8vre jaune est n\u00e9cessaire. <\/span><\/li>\n<li>\u00e0 tous les <span style=\"text-decoration: underline;\">documents importants<\/span> \u00e0 avoir sur nous mais aussi en num\u00e9rique \u00e0 quelque part accessible en cas de perte : passeports, cartes bancaires, num\u00e9ros d&rsquo;urgence, etc&#8230;<\/li>\n<li>aux diverses <span style=\"text-decoration: underline;\">attestations d&rsquo;assurances<\/span> \u00e0 avoir avec nous (RC, assurance maladie, etc&#8230;)<br \/>\n<span style=\"color: #ff0000;\">On a du pr\u00e9voir des attestations d&rsquo;assurance pour entrer \u00e0 Cuba. Demand\u00e9 par email \u00e0 notre assureur et re\u00e7u en PDF quelques jours plus tard. Au final, pas eu besoin de le pr\u00e9senter \u00e0 notre arriv\u00e9e sur le territoire. <\/span><\/li>\n<li>on a aussi contact\u00e9 une s\u00e9rie d&rsquo;entreprises aupr\u00e8s de qui on a des contrats (t\u00e9l\u00e9phonie mobile, TV, etc&#8230;) afin de s&rsquo;assurer des <span style=\"text-decoration: underline;\">temps de r\u00e9siliation<\/span> \u00e9ventuels et de ne pas devoir au final payer 6 mois dans le vide pour un abo de mobile&#8230; Bonne nouvelle, presque tous proposent la possibilit\u00e9 de suspendre quasi du jour au lendemain l&rsquo;abonnement \/ les services utilis\u00e9s sans frais pour autant que cela ne d\u00e9passe pas une ann\u00e9e. On pourra ainsi reprendre nos num\u00e9ros de mobile \u00e0 notre retour (il va y en avoir des Whatsapp \u00e0 lire \ud83d\ude42 !!)<br \/>\n<span style=\"color: #ff0000;\">Nous avons chang\u00e9 de strat\u00e9gie durant le voyage et avons demand\u00e9 \u00e0 notre op\u00e9rateur de passer notre num\u00e9ro en prepaid. En effet, il y avait toute une s\u00e9rie de sites (banques, imp\u00f4ts, etc&#8230;) qui \u00e9taient li\u00e9s \u00e0 notre num\u00e9ro de t\u00e9l\u00e9phone suisse et que l&rsquo;on ne peut pas rediriger pour des questions de s\u00e9curit\u00e9 sur un num\u00e9ro \u00e9tranger. Avec l&rsquo;abo pass\u00e9 en prepaid, on avait juste \u00e0 glisser notre SIM suisse dans le t\u00e9l\u00e9phone quand on avait \u00e0 se logguer sur un site envoyant un SMS (typiquement la banque), c&rsquo;est sans frais si tu n&rsquo;utilise pas et \u00e7a te sauve si tu as besoin de pouvoir recevoir tes SMS sur le N\u00b0 suisse. A noter qu&rsquo;en prepaid tu dois tout de m\u00eame passer un appel chaque 6 mois je crois pour que le compte reste actif. <\/span><\/li>\n<li><span style=\"text-decoration: underline;\">Concernant l&rsquo;\u00e9cole<\/span> : un\u00a0 courrier a \u00e9t\u00e9 adress\u00e9 \u00e0 la direction des \u00e9coles pour leur signaler notre projet. Quelques mois apr\u00e8s notre annonce, nous avons re\u00e7u la d\u00e9cision positive pour sortir les enfants une ann\u00e9e de l&rsquo;\u00e9cole.<\/li>\n<li>Il faudra <span style=\"text-decoration: underline;\">planifier<\/span> le plus de paiements r\u00e9guliers \u00e0 l&rsquo;avance dans le ebanking, et essayer de mettre le plus de factures possibles en <span style=\"text-decoration: underline;\">paiement par recouvrement direct (LSV)<\/span> afin de ne pas surcharger la personne qui traitera notre administratif durant notre absence. Il faut aussi pr\u00e9voir la d\u00e9viation du courrier&#8230; (merci maman \ud83d\ude42 !!!)<br \/>\n<span style=\"color: #ff0000;\">Une planification assez fine a \u00e9t\u00e9 faite, et les paiement ont \u00e9t\u00e9 dans la mesure du possible faits par recouvrement direct. Quand ce n&rsquo;\u00e9tait pas possible une personne s&rsquo;est occup\u00e9 ce cela ! Merci !!<\/span><\/li>\n<li>Pr\u00e9parer<span style=\"text-decoration: underline;\"> la lettre de d\u00e9mission<\/span> ou formaliser par \u00e9crit le<span style=\"text-decoration: underline;\"> cong\u00e9 non pay\u00e9<\/span><\/li>\n<li>Pr\u00e9parer le <span style=\"text-decoration: underline;\">contrat de location<\/span> pour la maison (un grand merci \u00e0 Serge qui nous a transmis les docs de base et qui a r\u00e9pondu patiemment \u00e0 nos questions)<\/li>\n<li>Contr\u00f4ler avec les<span style=\"text-decoration: underline;\"> assurances auto<\/span> que l&rsquo;on peut d\u00e9poser les plaques auto \u00e0 la poste (possible pour 24 mois \u00e0 la poste en CH).<\/li>\n<li>Trouver une place pour y <span style=\"text-decoration: underline;\">laisser les voitures<\/span> une ann\u00e9e<\/li>\n<\/ul>\n<p>.<\/p>\n","protected":false},"excerpt":{"rendered":"<p>De la paperasse, il y en a eu (un peu) mais le gros nous attend ! Voici en les diverses formalit\u00e9s que l&rsquo;on devra ou [&#8230;]<\/p>\n","protected":false},"author":1,"featured_media":0,"parent":3798,"menu_order":0,"comment_status":"closed","ping_status":"closed","template":"","meta":{"jetpack_post_was_ever_published":false},"_links":{"self":[{"href":"https:\/\/www.untourdumonde.ch\/index.php\/wp-json\/wp\/v2\/pages\/3807"}],"collection":[{"href":"https:\/\/www.untourdumonde.ch\/index.php\/wp-json\/wp\/v2\/pages"}],"about":[{"href":"https:\/\/www.untourdumonde.ch\/index.php\/wp-json\/wp\/v2\/types\/page"}],"author":[{"embeddable":true,"href":"https:\/\/www.untourdumonde.ch\/index.php\/wp-json\/wp\/v2\/users\/1"}],"replies":[{"embeddable":true,"href":"https:\/\/www.untourdumonde.ch\/index.php\/wp-json\/wp\/v2\/comments?post=3807"}],"version-history":[{"count":10,"href":"https:\/\/www.untourdumonde.ch\/index.php\/wp-json\/wp\/v2\/pages\/3807\/revisions"}],"predecessor-version":[{"id":14033,"href":"https:\/\/www.untourdumonde.ch\/index.php\/wp-json\/wp\/v2\/pages\/3807\/revisions\/14033"}],"up":[{"embeddable":true,"href":"https:\/\/www.untourdumonde.ch\/index.php\/wp-json\/wp\/v2\/pages\/3798"}],"wp:attachment":[{"href":"https:\/\/www.untourdumonde.ch\/index.php\/wp-json\/wp\/v2\/media?parent=3807"}],"curies":[{"name":"wp","href":"https:\/\/api.w.org\/{rel}","templated":true}]}}